atest common divisor of 3486 and 84?
42
Calculate the greatest common divisor of 240 and 15.
15
What is the highest common divisor of 144 and 32?
16
What is the highest common divisor of 990 and 36?
18
Calculate the greatest common divisor of 605 and 110.
55
What is the highest common divisor of 45 and 60?
15
What is the highest common factor of 97 and 5141?
97
What is the greatest common factor of 39 and 33033?
39
What is the greatest common factor of 11 and 1331?
11
What is the greatest common factor of 14760 and 80?
40
Calculate the greatest common factor of 88 and 517.
11
Calculate the greatest common factor of 205 and 135.
5
What is the greatest common factor of 143 and 77?
11
Calculate the highest common divisor of 1914 and 231.
33
What is the highest common divisor of 180 and 2844?
36
Calculate the highest common divisor of 30 and 15.
15
What is the highest common factor of 4608 and 1224?
72
What is the highest common divisor of 165 and 2750?
55
Calculate the greatest common factor of 165 and 33.
33
What is the greatest common divisor of 14 and 574?
14
What is the highest common factor of 639 and 6177?
213
What is the greatest common divisor of 102 and 646?
34
Calculate the highest common factor of 1287 and 3069.
99
Calculate the highest common divisor of 2701 and 146.
73
What is the highest common factor of 16 and 4688?
16
Calculate the greatest common factor of 372 and 8.
4
Calculate the highest common factor of 884 and 364.
52
Calculate the greatest common divisor of 570 and 135.
15
Calculate the highest common factor of 72 and 60.
12
What is the greatest common divisor of 128 and 32?
32
Calculate the highest common factor of 3660 and 18.
6
Calculate the greatest common factor of 520 and 280.
40
Calculate the greatest common divisor of 115 and 6693.
23
What is the highest common divisor of 266 and 18?
2
What is the greatest common factor of 75 and 5425?
25
Calculate the highest common divisor of 61 and 2196.
61
What is the greatest common factor of 22 and 1606?
22
What is the highest common divisor of 352 and 2101?
11
What is the highest common divisor of 91 and 1211?
7
Calculate the highest common divisor of 37324 and 124.
124
What is the highest common factor of 6930 and 252?
126
What is the highest common factor of 512 and 17984?
64
Calculate the greatest common factor of 1148 and 28.
28
What is the greatest common divisor of 136 and 187?
17
What is the highest common factor of 74 and 2146?
74
What is the greatest common factor of 741 and 114?
57
Calculate the highest common factor of 416 and 26.
26
Calculate the highest common divisor of 3 and 762.
3
Calculate the greatest common factor of 21 and 4802.
7
What is the highest common divisor of 34 and 1088?
34
What is the highest common divisor of 5470 and 10?
10
What is the highest common factor of 22 and 14?
2
Calculate the greatest common factor of 1224 and 153.
153
What is the highest common factor of 24 and 6?
6
Calculate the highest common divisor of 32 and 31296.
32
What is the highest common divisor of 7316 and 124?
124
Calculate the greatest common factor of 84482 and 106.
106
What is the highest common factor of 324 and 14094?
162
Calculate the greatest common divisor of 4 and 90.
2
Calculate the greatest common factor of 360 and 40.
40
What is the greatest common divisor of 689 and 13?
13
What is the greatest common factor of 15644 and 4?
4
What is the highest common divisor of 209 and 38?
19
What is the greatest common factor of 486 and 774?
18
What is the highest common divisor of 795 and 10?
5
Calculate the highest common factor of 74 and 4033.
37
What is the greatest common factor of 43 and 2193?
43
Calculate the greatest common divisor of 145 and 116.
29
Calculate the highest common divisor of 437 and 19.
19
What is the highest common divisor of 155 and 992?
31
What is the highest common divisor of 4700 and 141?
47
What is the highest common factor of 72 and 96?
24
What is the greatest common divisor of 41 and 1353?
41
What is the highest common factor of 585 and 18?
9
Calculate the highest common factor of 77 and 33.
11
Calculate the greatest common divisor of 29 and 667.
29
What is the highest common factor of 338 and 650?
26
Calculate the greatest common divisor of 1127 and 3136.
49
What is the highest common divisor of 1727 and 11?
11
What is the greatest common divisor of 65 and 234?
13
What is the highest common factor of 17 and 85?
17
Calculate the greatest common factor of 48 and 472.
8
Calculate the greatest common factor of 2436 and 462.
42
What is the greatest common factor of 17712 and 12?
12
What is the greatest common factor of 25 and 10?
5
Calculate the greatest common divisor of 78 and 258.
6
Calculate the highest common divisor of 15 and 12990.
15
What is the greatest common factor of 1206 and 72?
18
Calculate the highest common divisor of 34 and 374.
34
Calculate the greatest common factor of 40 and 10.
10
Calculate the highest common factor of 891 and 27.
27
Calculate the greatest common divisor of 973 and 7.
7
Calculate the greatest common factor of 101 and 1313.
101
What is the greatest common divisor of 76 and 32?
4
What is the greatest common factor of 154 and 198?
22
What is the highest common divisor of 30 and 140?
10
Calculate the greatest common divisor of 1080 and 36.
36
What is the highest common factor of 3685 and 1265?
55
Calculate the greatest common divisor of 28 and 9926.
14
Calculate the greatest common factor of 198 and 36.
18
What is the greatest common divisor of 40 and 920?
40
What is the greatest common divisor of 16 and 5848?
8
What is the greatest common factor of 106 and 106?
106
What is the greatest common factor of 6 and 93?
3
What is the highest common factor of 32 and 216?
8
Calculate the highest common factor of 79 and 7031.
79
What is the greatest common factor of 137 and 4?
1
What is the highest common divisor of 11 and 1067?
11
Calculate the highest common factor of 45 and 14076.
9
What is the highest common factor of 375 and 30?
15
Calculate the highest common factor of 4 and 1028.
4
Calculate the highest common factor of 85 and 5.
5
What is the greatest common divisor of 60 and 33?
3
Calculate the highest common divisor of 42 and 6258.
42
Calculate the highest common divisor of 432 and 16.
16
Calculate the greatest common factor of 108 and 81.
27
Calculate the highest common divisor of 5180 and 4.
4
What is the highest common factor of 1610 and 299?
23
Calculate the greatest common factor of 4717 and 267.
89
Calculate the highest common factor of 31 and 837.
31
What is the greatest common divisor of 2720 and 3230?
170
Calculate the greatest common factor of 30 and 43530.
30
What is the highest common factor of 5206 and 114?
38
Calculate the greatest common divisor of 1886 and 184.
46
What is the highest common factor of 2056 and 32?
8
Calculate the greatest common factor of 5 and 495.
5
Calculate the greatest common factor of 50 and 4525.
25
Calculate the highest common divisor of 1067 and 11.
11
Calculate the greatest common divisor of 2166 and 1140.
114
Calculate the greatest common divisor of 12 and 444.
12
What is the greatest common divisor of 25921 and 23?
23
What is the greatest common factor of 2491 and 371?
53
What is the highest common divisor of 779 and 41?
41
What is the highest common divisor of 22 and 2?
2
What is the highest common divisor of 58 and 203?
29
Calculate the highest common divisor of 245 and 560.
35
Calculate the greatest common factor of 592 and 112.
16
Calculate the highest common divisor of 28 and 1134.
14
Calculate the highest common factor of 62 and 217.
31
What is the greatest common factor of 161 and 14?
7
What is the greatest common divisor of 345 and 5745?
15
What is the greatest common divisor of 39202 and 102?
34
What is the highest common divisor of 15 and 24?
3
What is the highest common divisor of 54 and 189?
27
What is the highest common divisor of 2343 and 231?
33
What is the highest common factor of 11541 and 3?
3
What is the highest common factor of 51 and 4131?
51
What is the greatest common factor of 81 and 441?
9
Calculate the greatest common divisor of 2172 and 24.
12
Calculate the highest common factor of 42 and 10794.
42
What is the greatest common divisor of